?
14
Let z be (6 - 6)/(0 - 2). Suppose 4*o - 5 - 23 = z. What is the highest common factor of 21 and o?
7
Suppose 7*j = j + 36. Suppose j*v = 17 + 91. Calculate the greatest common factor of 6 and v.
6
Let u(y) = -2*y + 12. Let f be u(5). Suppose 4*q - 314 = g, 3*q = -f*g + 4*g + 238. Calculate the highest common divisor of 39 and q.
39
Let q = 119 + -65. Let u = q - 44. Calculate the greatest common factor of 30 and u.
10
Let f(p) = -2*p - 1. Let q = 5 + -3. Let i be f(q). Let b be i*(42/(-15) + 2). What is the greatest common divisor of 28 and b?
4
Let y be 4 + (576/528)/(2/22). What is the greatest common factor of y and 2288?
16
Let a be (11/(-3))/(4/72). Let o be (-6)/33 + (-4962)/a. What is the highest common factor of o and 50?
25
Suppose 5*i = 3*s + 2582, -29*i + 24*i - s = -2586. Calculate the greatest common factor of i and 11.
11
Let j = 260 + -250. What is the highest common divisor of 165 and j?
5
Suppose -107 = -19*u + 45. Calculate the greatest common divisor of 8 and u.
8
Let w(t) = 5*t**2 + 77*t - 28. Let a be w(-16). Suppose 9 = -4*c - 311. Let k be c/(-6)*1*3. What is the highest common factor of k and a?
20
Let a be (-1)/((-1 + 2)/(-29)). Suppose -g - 57 = -2*v, -3*g + 3 = -0*g. What is the greatest common divisor of a and v?
29
Suppose -1 = -2*o - 3*p - 17, 0 = -3*o - 3*p - 18. Let x be ((-3)/6)/(o/24*2). What is the highest common divisor of 4 and x?
1
Let r be (-1 - (-4)/16) + (-7830)/(-40). Calculate the highest common divisor of r and 78.
39
Suppose -5*n = 2*y - 5*y - 384, -3*n - y + 222 = 0. Suppose 3*l + 100 = 7*l. What is the highest common factor of n and l?
25
Let u = 1232 - 1228. Calculate the greatest common factor of 2 and u.
2
Let x be (-16457)/(-21) - 10/(-30). Calculate the highest common divisor of x and 16.
16
Let v(z) = 28*z - 1. Let p be v(1). Suppose m + 2*j + 2 = 6, 3*m - p = -j. What is the greatest common divisor of 1 and m?
1
Let q(k) = 212*k - 204*k - 5 - 5. Let w be q(3). Let n(h) = 29*h - 1. Let t be n(1). Calculate the greatest common divisor of t and w.
14
Let k = -231 - -270. Calculate the highest common factor of k and 156.
39
Let l(o) = 5*o + 4*o**3 + 18*o**2 + 14 - 5*o**3 - 9. Let q be l(18). Calculate the greatest common factor of q and 38.
19
Suppose 34 = 4*y - 438. Suppose 4*u - j - y = -3*j, -3*u - 5*j = -106. Let b be -2 + 5*1/1. Calculate the greatest common divisor of u and b.
3
Let r = 33 + 2. Let y be -1*(11 + (5 - 5)). Let v = y + r. Calculate the highest common divisor of v and 6.
6
Let o(a) = -a**3 + 6*a**2 - a - 5. Let j be o(7). Let c = 88 + j. Suppose 0 = 3*d - 0*d - c. What is the greatest common divisor of 6 and d?
3
Suppose -451 = b - 343. Let n = 83 - 141. Let s = n - b. What is the greatest common divisor of s and 75?
25
Suppose -4*f - 29 = -2*k + 35, -3*k + 3*f + 108 = 0. Suppose y = -y + 8, 4*y + k = 4*w. What is the greatest common divisor of w and 4?
2
Let t = -378 + 697. Calculate the greatest common divisor of 29 and t.
29
Suppose 13 = -5*i + 53. Calculate the greatest common divisor of i and 32.
8
Let c be (405/(-27))/(5/(-18)). What is the highest common divisor of c and 30?
6
Suppose -5*k + 15 + 48 = f, k + 3*f = 7. Let j = -9 + k. Calculate the highest common factor of j and 64.
4
Let q(i) = 50*i. Let w be q(2). Let b(t) = 13*t**2 - 4*t + 3. Let l be b(1). Suppose 0 = -5*o + 113 + l. What is the highest common divisor of w and o?
25
Let w(l) = -l**3 + 4*l**2 + 67*l - 22. Let k be w(10). Calculate the greatest common divisor of 336 and k.
48
Suppose -4*k - 7*c = -12*c - 310, 2*c = 5*k - 379. Calculate the greatest common divisor of k and 40.
5
Let l(n) = -3*n**2 + 24*n + 5. Let z be l(6). What is the greatest common factor of 1189 and z?
41
Let z = -19 + 24. Let a = 34 - 19. Calculate the greatest common factor of a and z.
5
Let r(s) = 222*s + 8. Let p be r(2). Suppose -2*g + 164 = 2*x + 3*g, 2*g - p = -5*x. What is the greatest common factor of 23 and x?
23
Let z(w) = -w**2 - 213*w - 1432. Let u be z(-7). Let x = 12 - 7. Calculate the highest common divisor of x and u.
5
Let w(a) = a**2. Let b be w(-4). Suppose -209*l + 183*l = -3744. What is the highest common factor of l and b?
16
Let d(f) = f**2 + 8*f - 12. Let r be d(-9). Let q = r - 2. Let i(g) = 3*g**2 - 5*g + 5. Let l be i(q). Calculate the greatest common factor of l and 15.
15
Let s be 73 - 0/(40/(-5)). What is the highest common divisor of 584 and s?
73
Suppose -2*i - 28 = 2*y - 4*i, -2*y + 5*i - 40 = 0. Let l = y - -19. Calculate the greatest common divisor of 1 and l.
1
Let n(d) = d**3 + 5*d**2 - 8*d + 5. Let c be n(-6). Let k = -11 + c. Suppose -k*f = -7*f + 7. What is the highest common divisor of 1 and f?
1
Let g = 97 - 58. What is the highest common divisor of 546 and g?
39
Let m = 376 + -308. What is the highest common divisor of m and 306?
34
Suppose -10 = -3*a + 5. Suppose -a*w = 5*o - 165, 3*w = 5*w + 5*o - 63. What is the greatest common factor of 17 and w?
17
Let o(s) = -4*s - 10. Let f be o(-4). Let x be (-4)/f - 227/(-3). What is the highest common factor of 30 and x?
15
Suppose -2*m + 80 = -3*v, 3*m - 4 = 2*m. Let k = 96 - v. Calculate the highest common divisor of 15 and k.
15
Suppose -7*w + 4*w = -6. Suppose w*i = -8, 5*n - 3*i - 202 = -0*n. Calculate the greatest common factor of 95 and n.
19
Let a be (-3)/(-4)*(15 + 5). Let j be 2313/a + (-3)/15. Let v be 561/153*3*2. What is the greatest common divisor of j and v?
22
Let i(s) = -s**2 - 10*s + 1. Let h be i(-8). Let p be (-52 - -1)/(6/(-4)). Calculate the greatest common factor of h and p.
17
Let c be (4*6/(-30))/((-2)/1015). What is the highest common factor of c and 28?
14
Suppose -14*d - 540 = -41*d. Calculate the highest common divisor of d and 270.
10
Let i = -242 - -267. Calculate the greatest common factor of 20 and i.
5
Suppose -2*o + 550 = 2*o - 2*l, -2*l + 2 = 0. What is the highest common factor of o and 6?
6
Let s(j) = -j + 11. Let p be s(7). Suppose 0 = -p*b - 0 - 8. Let u be (-28)/(-42)*(-9)/b. What is the highest common divisor of u and 3?
3
Let c(l) = -5*l - 5*l + 2 + 3*l + l. Suppose 5*j + 4*w - 2 = 0, 2*j + 3 - 14 = -5*w. Let z be c(j). Calculate the highest common divisor of z and 112.
14
Let a(s) = -37*s + 40. Let f be a(0). Let m be 1 - (0 + -5 - 2). What is the greatest common factor of m and f?
8
Suppose -11*p = 19*p - 330. Calculate the highest common divisor of p and 143.
11
Suppose -4*o = 2*k - 42, -o - 4*o + 60 = 3*k. What is the highest common factor of k and 20?
5
Suppose -3*f + 7*f + 44 = 0. Let g = -2 - f. What is the highest common divisor of 99 and g?
9
Let t(l) = 5*l + 9 - 11 - 4 - 7*l. Let j be t(-9). What is the highest common divisor of 16 and j?
4
Let q be (28/(-21))/(2/(-357)). Calculate the highest common divisor of 28 and q.
14
Suppose 3*t = 9*t + 24. Let k = 4 + t. Suppose k*a + 6 = 2*a. Calculate the highest common divisor of a and 24.
3
Let h = -17 + 17. Suppose h = -2*z + 3*f + 57 + 38, 2*f + 47 = z. Calculate the greatest common factor of z and 7.
7
Suppose 4*y + 0 - 4 = 0. Let v(l) = -l + 5. Let x be v(y). What is the greatest common factor of 32 and x?
4
Suppose 0*j - 4 = -3*v + j, 0 = -5*j - 20. Suppose -4*w = -v*g + 4*g - 84, -2*w = 0. What is the greatest common factor of 21 and g?
21
Let n(h) = -h**3 + 7*h**2 - 2*h + 21. Let m be n(7). What is the greatest common factor of m and 7?
7
Suppose -94 = -3*q - l, -5*q + l = -207 + 45. Let j = q + -24. What is the highest common divisor of j and 20?
4
Let l = 20 + -6. Suppose 6*j + l = 44. Calculate the greatest common divisor of 5 and j.
5
Suppose 0*z - z = 2*w - 5, 10 = w - 2*z. Suppose -3*u - 2*h = -12, u + w*h = 3*h + 5. Calculate the greatest common divisor of 2 and u.
2
Suppose -2*o - f + 68 = 0, 2*o + 14*f - 17*f - 76 = 0. Let n be (-45)/(-18)*14/5. What is the highest common divisor of n and o?
7
Let n be 852/24 - (-1)/(-2)*-3. Suppose 96 = 5*h - 4*j, 3*h + 3*j - n = -1. Suppose -5*d + 225 = -655. What is the highest common factor of h and d?
16
Suppose -b = 4*h - 392, 772 = 7*b - 5*b + 2*h. Calculate the highest common divisor of b and 36.
12
Let z = 40 - 22. Let g be ((-432)/30)/(1/(-5)). Calculate the greatest common divisor of z and g.
18
Suppose 4*p + 8 = 0, 18 = 8*s - 6*s + 3*p. Calculate the highest common factor of s 